{"id":303,"date":"2016-12-09T04:58:23","date_gmt":"2016-12-09T04:58:23","guid":{"rendered":"http:\/\/localhost\/buildpro\/?page_id=303"},"modified":"2025-04-26T04:48:15","modified_gmt":"2025-04-26T04:48:15","slug":"historia","status":"publish","type":"page","link":"https:\/\/escuadra.cl\/index.php\/historia\/","title":{"rendered":"Historia"},"content":{"rendered":"<div class=\"wpb-content-wrapper\"><p>[vc_row][vc_column offset=\u00bbvc_col-md-9&#8243;][vc_column_text css=\u00bb.vc_custom_1745641733060{margin-bottom: 30px !important;}\u00bb]<\/p>\n<p class=\"intro mb30\" align=\"justify\">Desde su fundaci\u00f3n en 2020, ESCUADRA INGENIEROS ha desarrollado soluciones integrales en ingenier\u00eda y construcci\u00f3n, con un enfoque en eficiencia, cumplimiento y excelencia t\u00e9cnica. Su crecimiento sostenido ha sido impulsado por la confianza de clientes del \u00e1mbito p\u00fablico y privado.<\/p>\n<p>[\/vc_column_text]\t<div class=\"timeline \">\n\t        <div class=\"tl-block \" data-wow-delay=\".0s\">\n            <div class=\"tl-time\">\n                <h3>2020<\/h3>\n            <\/div>\n            <div class=\"tl-bar\">\n                <div class=\"tl-line\"><\/div>\n            <\/div>\n            <div class=\"tl-message\">\n                <div class=\"tl-icon\">&nbsp;<\/div>\n                <div class=\"tl-main\">\n                    <h3>Inicio en Talca<\/h3>\n                    <p align=\"justify\">Fundaci\u00f3n de la empresa por ingenieros civiles y constructores con m\u00e1s de diez a\u00f1os de experiencia profesional, en la ciudad de Talca.<\/p>                <\/div>\n            <\/div>\n        <\/div>\n                <div class=\"tl-block \" data-wow-delay=\".1s\">\n            <div class=\"tl-time\">\n                <h3>2021<\/h3>\n            <\/div>\n            <div class=\"tl-bar\">\n                <div class=\"tl-line\"><\/div>\n            <\/div>\n            <div class=\"tl-message\">\n                <div class=\"tl-icon\">&nbsp;<\/div>\n                <div class=\"tl-main\">\n                    <h3>Primer Proyecto Integral<\/h3>\n                    <p align=\"justify\">Ejecuci\u00f3n simult\u00e1nea de proyectos de urbanizaci\u00f3n, se\u00f1al\u00e9tica, pavimentaci\u00f3n y aguas lluvias en el Condominio Nogales de Colb\u00fan.<\/p>                <\/div>\n            <\/div>\n        <\/div>\n                <div class=\"tl-block \" data-wow-delay=\".2s\">\n            <div class=\"tl-time\">\n                <h3>2022<\/h3>\n            <\/div>\n            <div class=\"tl-bar\">\n                <div class=\"tl-line\"><\/div>\n            <\/div>\n            <div class=\"tl-message\">\n                <div class=\"tl-icon\">&nbsp;<\/div>\n                <div class=\"tl-main\">\n                    <h3>Expansi\u00f3n Regional T\u00e9cnica<\/h3>\n                    <p align=\"justify\">Se incorporan nuevos servicios t\u00e9cnicos en Maule y Linares, incluyendo dise\u00f1o de instalaciones domiciliarias y c\u00e1lculos estructurales habitacionales.<\/p>                <\/div>\n            <\/div>\n        <\/div>\n                <div class=\"tl-block \" data-wow-delay=\".3s\">\n            <div class=\"tl-time\">\n                <h3>2023<\/h3>\n            <\/div>\n            <div class=\"tl-bar\">\n                <div class=\"tl-line\"><\/div>\n            <\/div>\n            <div class=\"tl-message\">\n                <div class=\"tl-icon\">&nbsp;<\/div>\n                <div class=\"tl-main\">\n                    <h3>Alianzas Estrat\u00e9gicas Gasvalpo<\/h3>\n                    <p align=\"justify\">Comienza colaboraci\u00f3n con Gasvalpo en la extensi\u00f3n de matrices de gas y proyectos de pavimentaci\u00f3n SERVIU en Talca y Curic\u00f3.<\/p>                <\/div>\n            <\/div>\n        <\/div>\n                <div class=\"tl-block \" data-wow-delay=\".4s\">\n            <div class=\"tl-time\">\n                <h3>2024<\/h3>\n            <\/div>\n            <div class=\"tl-bar\">\n                <div class=\"tl-line\"><\/div>\n            <\/div>\n            <div class=\"tl-message\">\n                <div class=\"tl-icon\">&nbsp;<\/div>\n                <div class=\"tl-main\">\n                    <h3>Proyectos Sostenibles<\/h3>\n                    <p align=\"justify\">Desarrollo de sistemas particulares de agua potable y lombrifiltros para tratamiento de aguas servidas en viviendas rurales del Maule.<\/p>                <\/div>\n            <\/div>\n        <\/div>\n                <div class=\"tl-block \" data-wow-delay=\".5s\">\n            <div class=\"tl-time\">\n                <h3>2025<\/h3>\n            <\/div>\n            <div class=\"tl-bar\">\n                <div class=\"tl-line\"><\/div>\n            <\/div>\n            <div class=\"tl-message\">\n                <div class=\"tl-icon\">&nbsp;<\/div>\n                <div class=\"tl-main\">\n                    <h3>Infraestructura Vial P\u00fablica<\/h3>\n                    <p align=\"justify\">Participaci\u00f3n en proyectos de acceso SERVIU, rutas comunales y paralelismos de gas natural en importantes conjuntos habitacionales.<\/p>                <\/div>\n            <\/div>\n        <\/div>\n                <div class=\"tl-block \" data-wow-delay=\".6s\">\n            <div class=\"tl-time\">\n                <h3>2025<\/h3>\n            <\/div>\n            <div class=\"tl-bar\">\n                <div class=\"tl-line\"><\/div>\n            <\/div>\n            <div class=\"tl-message\">\n                <div class=\"tl-icon\">&nbsp;<\/div>\n                <div class=\"tl-main\">\n                    <h3>Consolidaci\u00f3n Profesional<\/h3>\n                    <p align=\"justify\">Ingreso a registros oficiales del MOP y MINVU como consultores, consolidando su trayectoria a nivel regional y proyectando nuevas alianzas.<\/p>                <\/div>\n            <\/div>\n        <\/div>\n            <\/div>\n\n[\/vc_column][vc_column offset=\u00bbvc_col-md-3&#8243;][vc_wp_custommenu nav_menu=\u00bb24&#8243;][vc_wp_text]<\/p>\n<div class=\"padding30 text-black\">\n<h4>Importante<\/h4>\n<p><i>\u00bfNecesitas apoyo profesional para tu pr\u00f3ximo proyecto de construcci\u00f3n?<\/i><br \/>\nEn ESCUADRA INGENIEROS combinamos experiencia t\u00e9cnica y compromiso local para acompa\u00f1arte en cada etapa del proceso.<\/p>\n<div class=\"text-center\"><a class=\"btn btn-line-black btn-fx mt20\" href=\"https:\/\/escuadra.cl\/index.php\/contacto\/\">Contacto<\/a><\/div>\n<\/div>\n<p>[\/vc_wp_text][\/vc_column][\/vc_row]<\/p>\n<\/div>","protected":false},"excerpt":{"rendered":"<p>[vc_row][vc_column offset=\u00bbvc_col-md-9&#8243;][vc_column_text css=\u00bb.vc_custom_1745641733060{margin-bottom: 30px !important;}\u00bb] Desde su fundaci\u00f3n en 2020, ESCUADRA INGENIEROS ha desarrollado soluciones integrales en ingenier\u00eda y construcci\u00f3n, con un enfoque en eficiencia, cumplimiento y excelencia t\u00e9cnica. Su crecimiento sostenido ha sido impulsado por la confianza de clientes del \u00e1mbito p\u00fablico y privado. [\/vc_column_text][\/vc_column][vc_column offset=\u00bbvc_col-md-3&#8243;][vc_wp_custommenu nav_menu=\u00bb24&#8243;][vc_wp_text] Importante \u00bfNecesitas apoyo profesional para tu pr\u00f3ximo [&hellip;]<\/p>\n","protected":false},"author":1,"featured_media":0,"parent":0,"menu_order":0,"comment_status":"closed","ping_status":"closed","template":"page-templates\/template-fullwidth.php","meta":{"footnotes":""},"class_list":["post-303","page","type-page","status-publish","hentry"],"_links":{"self":[{"href":"https:\/\/escuadra.cl\/index.php\/wp-json\/wp\/v2\/pages\/303","targetHints":{"allow":["GET"]}}],"collection":[{"href":"https:\/\/escuadra.cl\/index.php\/wp-json\/wp\/v2\/pages"}],"about":[{"href":"https:\/\/escuadra.cl\/index.php\/wp-json\/wp\/v2\/types\/page"}],"author":[{"embeddable":true,"href":"https:\/\/escuadra.cl\/index.php\/wp-json\/wp\/v2\/users\/1"}],"replies":[{"embeddable":true,"href":"https:\/\/escuadra.cl\/index.php\/wp-json\/wp\/v2\/comments?post=303"}],"version-history":[{"count":11,"href":"https:\/\/escuadra.cl\/index.php\/wp-json\/wp\/v2\/pages\/303\/revisions"}],"predecessor-version":[{"id":1187,"href":"https:\/\/escuadra.cl\/index.php\/wp-json\/wp\/v2\/pages\/303\/revisions\/1187"}],"wp:attachment":[{"href":"https:\/\/escuadra.cl\/index.php\/wp-json\/wp\/v2\/media?parent=303"}],"curies":[{"name":"wp","href":"https:\/\/api.w.org\/{rel}","templated":true}]}}